{"id":79,"date":"2010-07-26T17:55:27","date_gmt":"2010-07-26T17:55:27","guid":{"rendered":"http:\/\/bezprawie.pl\/?page_id=79"},"modified":"2022-07-30T13:50:52","modified_gmt":"2022-07-30T13:50:52","slug":"kontakt","status":"publish","type":"page","link":"https:\/\/www.bezprawie.pl\/?page_id=79","title":{"rendered":"Kontakt"},"content":{"rendered":"<p>Stowarzyszenie &#8222;DUAE ROTAE&#8221;<br \/>\nul. Woj. Pol. 13<br \/>\nPL-58-200 Dzier\u017coni\u00f3w<\/p>\n<p>e-mail: bezprawie@hybryda.info<\/p>\n<p>Rejestr prasowy SO w \u015awidnicy: 475<\/p>\n<p>Redaktor Naczelny: Leszek Kwiecie\u0144<\/p>\n<p><span class=\"selectable-text copyable-text\">\u00a0<\/span><\/p>\n","protected":false},"excerpt":{"rendered":"<p>Stowarzyszenie &#8222;DUAE ROTAE&#8221; ul. Woj. Pol. 13 PL-58-200 Dzier\u017coni\u00f3w e-mail: bezprawie@hybryda.info Rejestr prasowy SO w \u015awidnicy: 475 Redaktor Naczelny: Leszek Kwiecie\u0144 \u00a0<\/p>\n","protected":false},"author":1,"featured_media":0,"parent":0,"menu_order":10,"comment_status":"closed","ping_status":"open","template":"","meta":{"footnotes":""},"class_list":["post-79","page","type-page","status-publish","hentry"],"_links":{"self":[{"href":"https:\/\/www.bezprawie.pl\/index.php?rest_route=\/wp\/v2\/pages\/79","targetHints":{"allow":["GET"]}}],"collection":[{"href":"https:\/\/www.bezprawie.pl\/index.php?rest_route=\/wp\/v2\/pages"}],"about":[{"href":"https:\/\/www.bezprawie.pl\/index.php?rest_route=\/wp\/v2\/types\/page"}],"author":[{"embeddable":true,"href":"https:\/\/www.bezprawie.pl\/index.php?rest_route=\/wp\/v2\/users\/1"}],"replies":[{"embeddable":true,"href":"https:\/\/www.bezprawie.pl\/index.php?rest_route=%2Fwp%2Fv2%2Fcomments&post=79"}],"version-history":[{"count":8,"href":"https:\/\/www.bezprawie.pl\/index.php?rest_route=\/wp\/v2\/pages\/79\/revisions"}],"predecessor-version":[{"id":799,"href":"https:\/\/www.bezprawie.pl\/index.php?rest_route=\/wp\/v2\/pages\/79\/revisions\/799"}],"wp:attachment":[{"href":"https:\/\/www.bezprawie.pl\/index.php?rest_route=%2Fwp%2Fv2%2Fmedia&parent=79"}],"curies":[{"name":"wp","href":"https:\/\/api.w.org\/{rel}","templated":true}]}}